usands digit of 19179170?
7
What is the tens digit of 3269335?
3
What is the tens digit of 6225434?
3
What is the units digit of 3312916?
6
What is the thousands digit of 160973?
0
What is the hundreds digit of 1273819?
8
What is the ten thousands digit of 708180?
0
What is the units digit of 4940724?
4
What is the millions digit of 1322417?
1
What is the hundred thousands digit of 206550?
2
What is the units digit of 1698862?
2
What is the tens digit of 357210?
1
What is the tens digit of 950827?
2
What is the hundred thousands digit of 929031?
9
What is the hundred thousands digit of 5523639?
5
What is the thousands digit of 2186341?
6
What is the tens digit of 2394914?
1
What is the tens digit of 387498?
9
What is the units digit of 181947?
7
What is the thousands digit of 739777?
9
What is the ten thousands digit of 986762?
8
What is the millions digit of 4393079?
4
What is the units digit of 130681?
1
What is the hundreds digit of 538688?
6
What is the thousands digit of 288060?
8
What is the thousands digit of 39619?
9
What is the units digit of 224065?
5
What is the hundreds digit of 20089213?
2
What is the ten thousands digit of 3753989?
5
What is the units digit of 1423663?
3
What is the thousands digit of 4323214?
3
What is the units digit of 959636?
6
What is the units digit of 1552639?
9
What is the ten thousands digit of 164799?
6
What is the ten thousands digit of 916225?
1
What is the ten millions digit of 13502710?
1
What is the thousands digit of 2877184?
7
What is the tens digit of 2731683?
8
What is the hundreds digit of 1889736?
7
What is the tens digit of 7677237?
3
What is the tens digit of 31019?
1
What is the hundred thousands digit of 790548?
7
What is the ten thousands digit of 87801?
8
What is the hundred thousands digit of 2555416?
5
What is the ten thousands digit of 662554?
6
What is the hundred thousands digit of 528455?
5
What is the units digit of 36801143?
3
What is the tens digit of 479930?
3
What is the hundred thousands digit of 1228447?
2
What is the units digit of 602577?
7
What is the units digit of 13236874?
4
What is the hundred thousands digit of 268400?
2
What is the units digit of 72964?
4
What is the ten thousands digit of 3500755?
0
What is the hundred thousands digit of 679040?
6
What is the units digit of 160254?
4
What is the thousands digit of 2634055?
4
What is the ten thousands digit of 4212644?
1
What is the tens digit of 817990?
9
What is the hundreds digit of 115512?
5
What is the units digit of 1728593?
3
What is the thousands digit of 735010?
5
What is the thousands digit of 2251125?
1
What is the units digit of 107200?
0
What is the ten thousands digit of 4059485?
5
What is the thousands digit of 457314?
7
What is the tens digit of 767956?
5
What is the units digit of 3395154?
4
What is the hundreds digit of 702797?
7
What is the ten thousands digit of 27807191?
0
What is the ten thousands digit of 6368195?
6
What is the thousands digit of 597546?
7
What is the tens digit of 2205377?
7
What is the tens digit of 2838848?
4
What is the thousands digit of 2521543?
1
What is the millions digit of 1704283?
1
What is the thousands digit of 10327166?
7
What is the hundred thousands digit of 261031?
2
What is the hundreds digit of 286796?
7
What is the tens digit of 56615?
1
What is the hundreds digit of 1819324?
3
What is the tens digit of 5742286?
8
What is the hundreds digit of 1141368?
3
What is the units digit of 961071?
1
What is the hundred thousands digit of 854028?
8
What is the thousands digit of 565632?
5
What is the tens digit of 424558?
5
What is the ten thousands digit of 286366?
8
What is the tens digit of 5651334?
3
What is the units digit of 76768?
8
What is the hundreds digit of 222240?
2
What is the units digit of 465573?
3
What is the tens digit of 12887493?
9
What is the thousands digit of 17480?
7
What is the tens digit of 285270?
7
What is the millions digit of 1708967?
1
What is the ten thousands digit of 914290?
1
What is the thousands digit of 1546550?
6
What is the thousands digit of 1419237?
9
What is the hundred thousands digit of 2413777?
4
What is the hundreds digit of 24692372?
3
What is the thousands digit of 12719862?
9
What is the ten thousands digit of 567901?
6
What is the ten thousands digit of 221541?
2
What is the ten thousands digit of 301600?
0
What is the tens digit of 1524129?
2
What is the hundred thousands digit of 117657?
1
What is the thousands digit of 99029?
9
What is the tens digit of 6138929?
2
What is the millions digit of 6937679?
6
What is the thousands digit of 217125?
7
What is the hundreds digit of 3097764?
7
What is the thousands digit of 4407868?
7
What is the units digit of 276012?
2
What is the millions digit of 5023675?
5
What is the ten thousands digit of 388331?
8
What is the millions digit of 3704689?
3
What is the units digit of 3244828?
8
What is the tens digit of 1438200?
0
What is the hundred thousands digit of 2224408?
2
What is the hundred thousands digit of 224109?
2
What is the hundreds digit of 37760192?
1
What is the tens digit of 1310969?
6
What is the ten thousands digit of 1048225?
4
What is the tens digit of 1067648?
4
What is the millions digit of 6659794?
6
What is the units digit of 66402?
2
What is the tens digit of 660837?
3
What is the ten thousands digit of 994543?
9
What is the hundreds digit of 106829?
8
What is the thousands digit of 129905?
9
What is the hundred thousands digit of 328671?
3
What is the hundreds digit of 201369?
3
What is the tens digit of 5578215?
1
What is the tens digit of 15135228?
2
What is the hundreds digit of 16584?
5
What is the hundreds digit of 25002116?
1
What is the hundreds digit of 167149?
1
What is the hundreds digit of 13127066?
0
What is the hundred thousands digit of 219509?
2
What is the tens digit of 401076?
7
What is the thousands digit of 340293?
0
What is the units digit of 1691791?
1
What is the units digit of 17598031?
1
What is the tens digit of 470382?
8
What is the hundred thousands digit of 6601224?
6
What is the millions digit of 3628045?
3
What is the thousands digit of 69365?
9
What is the hundred thousands digit of 8061354?
0
What is the ten thousands digit of 6621676?
2
What is the hundred thousands digit of 749216?
7
What is the thousands digit of 4052578?
2
What is the units digit of 2084966?
6
What is the millions digit of 14087381?
4
What is the ten thousands digit of 105709?
0
What is the ten millions digit of 14333168?
1
What is the ten thousands digit of 428621?
2
What is the hundreds digit of 126590?
5
What is the hundreds digit of 1142132?
1
What is the hundred thousands digit of 1775797?
7
What is the hundreds digit of 892918?
9
What is the tens digit of 683555?
5
What is the hundreds digit of 311693?
6
What is the ten thousands digit of 14266722?
6
What is the thousands digit of 303346?
3
What is the units digit of 29108530?
0
What is the tens digit of 4673329?
2
What is the thousands digit of 14912764?
2
What is the hundred thousands digit of 2908710?
9
What is the millions digit of 1491343?
1
What is the tens digit of 359781?
8
What is the hundred thousands digit of 15157617?
1
What is the hundreds digit of 283511?
5
What is the hundreds digit of 334539?
5
What is the thousands digit of 119974?
9
What is the hundreds digit of 3656185?
1
What is the ten thousands digit of 369527?
6
What is the units digit of 206589?
9
What is the tens digit of 1820705?
0
What is the tens digit of 422330?
3
What is the tens digit of 182669?
6
What is the ten thousands digit of 667563?
6
What is the tens digit of 2793377?
7
What is the hundreds digit of 2616342?
3
What is the hundred thousands digit of 4172028?
1
What is the millions digit of 10426265?
0
What is the tens digit of 720002?
0
What is the thousands digit of 188668?
8
What is the millions digit of 1842762?
1
What is the hundreds digit of 93416?
4
What is the thousands digit of 4292328?
2
What is the tens digit of 54208?
0
What is the thousands digit of 511128?
1
What is the hundred thousands digit of 681739?
6
What is the units digit of 8139133?
3
What is the tens digit of 1272256?
5
What is the hundreds digit of 3850113?
1
What is the hundred thousands digit of 117536?
1
What is the tens digit